{"id":131,"date":"2017-01-19T15:38:26","date_gmt":"2017-01-19T14:38:26","guid":{"rendered":"http:\/\/chatel-medieval.com\/?page_id=131"},"modified":"2021-05-17T14:17:12","modified_gmt":"2021-05-17T12:17:12","slug":"laventure","status":"publish","type":"page","link":"https:\/\/chatel-medieval.com\/en\/laventure\/","title":{"rendered":"L&#8217;aventure"},"content":{"rendered":"<p><img loading=\"lazy\" class=\"size-full wp-image-56\" src=\"http:\/\/chatel-medieval.com\/wp-content\/uploads\/2017\/01\/Chatel-chantier-2.jpg\" alt=\"Chatel-chantier-2\" width=\"1029\" height=\"683\" srcset=\"https:\/\/chatel-medieval.com\/wp-content\/uploads\/2017\/01\/Chatel-chantier-2.jpg 1029w, https:\/\/chatel-medieval.com\/wp-content\/uploads\/2017\/01\/Chatel-chantier-2-300x199.jpg 300w, https:\/\/chatel-medieval.com\/wp-content\/uploads\/2017\/01\/Chatel-chantier-2-768x510.jpg 768w, https:\/\/chatel-medieval.com\/wp-content\/uploads\/2017\/01\/Chatel-chantier-2-1024x680.jpg 1024w\" sizes=\"(max-width: 1029px) 100vw, 1029px\" \/><\/p>\n<p style=\"text-align: justify;\">C\u2019est une \u00e9trange et peu banale aventure que de faire ressurgir dans le paysage vosgien une forteresse oubli\u00e9e, ras\u00e9e, combl\u00e9e depuis plus de trois si\u00e8cles.<br \/>\nQui aurait pu imaginer que l\u2019on avait ainsi quasiment sous les yeux un site remarquable de plus de 5 hectares, truff\u00e9 de galeries souterraines et de postes de tir, t\u00e9moin de l\u2019\u00e9poque glorieuse des Sires de Neufch\u00e2tel, qui en leur temps avaient accueilli Louis XI, alors dauphin, et qui ont servi fid\u00e8lement le duc de Bourgogne dans ses heures fastes et moins fastes.<\/p>\n<p style=\"text-align: justify;\">Cette aventure, ce pari gagn\u00e9 sur l\u2019irr\u00e9versibilit\u00e9 du temps, nous le devons \u00e0 l\u2019\u00e9nergie, la volont\u00e9, la t\u00e9nacit\u00e9 d\u2019un couple, Jacques et Chantal Debry, qui ont consacr\u00e9 plus de 40 ans \u00e0 ressusciter la forteresse avec l\u2019aide des membres de l\u2019Association du Vieux Ch\u00e2tel et les milliers de b\u00e9n\u00e9voles qui se sont succ\u00e9d\u00e9s sur le site pour d\u00e9blayer, d\u00e9gager, \u00e9tayer, consolider, restaurer, ce que les outrages du temps et des hommes avaient peu \u00e0 peu laiss\u00e9 ensevelir.<\/p>\n<p style=\"text-align: justify;\">Aujourd\u2019hui l\u2019activit\u00e9 continue et ann\u00e9e apr\u00e8s ann\u00e9e, pr\u00e8s de 100 jeunes et moins jeunes s\u2019activent sur les chantiers d\u2019\u00e9t\u00e9 et dans les stages d\u2019initiation \u00e0 la taille de pierre, \u00e0 la forge et la ma\u00e7onnerie traditionnelle pour remettre en \u00e9tat les vestiges d\u2019un pass\u00e9 qui s\u2019\u00e9tale sur cinq si\u00e8cles.<\/p>\n","protected":false},"excerpt":{"rendered":"<p>C\u2019est une \u00e9trange et peu banale aventure que de faire ressurgir dans le <a class=\"more-link\" href=\"https:\/\/chatel-medieval.com\/en\/laventure\/\">Lire la suite<\/a><\/p>\n","protected":false},"author":1,"featured_media":0,"parent":0,"menu_order":0,"comment_status":"closed","ping_status":"closed","template":"","meta":{"inline_featured_image":false,"editor_plus_copied_stylings":"{}"},"translation":{"provider":"WPGlobus","version":"2.12.2","language":"en","enabled_languages":["fr","en"],"languages":{"fr":{"title":true,"content":true,"excerpt":false},"en":{"title":false,"content":false,"excerpt":false}}},"_links":{"self":[{"href":"https:\/\/chatel-medieval.com\/en\/wp-json\/wp\/v2\/pages\/131"}],"collection":[{"href":"https:\/\/chatel-medieval.com\/en\/wp-json\/wp\/v2\/pages"}],"about":[{"href":"https:\/\/chatel-medieval.com\/en\/wp-json\/wp\/v2\/types\/page"}],"author":[{"embeddable":true,"href":"https:\/\/chatel-medieval.com\/en\/wp-json\/wp\/v2\/users\/1"}],"replies":[{"embeddable":true,"href":"https:\/\/chatel-medieval.com\/en\/wp-json\/wp\/v2\/comments?post=131"}],"version-history":[{"count":12,"href":"https:\/\/chatel-medieval.com\/en\/wp-json\/wp\/v2\/pages\/131\/revisions"}],"predecessor-version":[{"id":3585,"href":"https:\/\/chatel-medieval.com\/en\/wp-json\/wp\/v2\/pages\/131\/revisions\/3585"}],"wp:attachment":[{"href":"https:\/\/chatel-medieval.com\/en\/wp-json\/wp\/v2\/media?parent=131"}],"curies":[{"name":"wp","href":"https:\/\/api.w.org\/{rel}","templated":true}]}}

<p><img loading="lazy" class="size-full wp-image-56" src="http://chatel-medieval.com/wp-content/uploads/2017/01/Chatel-chantier-2.jpg" alt="Chatel-chantier-2" width="1029" height="683" srcset="https://chatel-medieval.com/wp-content/uploads/2017/01/Chatel-chantier-2.jpg 1029w, https://chatel-medieval.com/wp-content/uploads/2017/01/Chatel-chantier-2-300x199.jpg 300w, https://chatel-medieval.com/wp-content/uploads/2017/01/Chatel-chantier-2-768x510.jpg 768w, https://chatel-medieval.com/wp-content/uploads/2017/01/Chatel-chantier-2-1024x680.jpg 1024w" sizes="(max-width: 1029px) 100vw, 1029px" /></p>
<p style="text-align: justify;">C’est une étrange et peu banale aventure que de faire ressurgir dans le paysage vosgien une forteresse oubliée, rasée, comblée depuis plus de trois siècles.<br />
Qui aurait pu imaginer que l’on avait ainsi quasiment sous les yeux un site remarquable de plus de 5 hectares, truffé de galeries souterraines et de postes de tir, témoin de l’époque glorieuse des Sires de Neufchâtel, qui en leur temps avaient accueilli Louis XI, alors dauphin, et qui ont servi fidèlement le duc de Bourgogne dans ses heures fastes et moins fastes.</p>
<p style="text-align: justify;">Cette aventure, ce pari gagné sur l’irréversibilité du temps, nous le devons à l’énergie, la volonté, la ténacité d’un couple, Jacques et Chantal Debry, qui ont consacré plus de 40 ans à ressusciter la forteresse avec l’aide des membres de l’Association du Vieux Châtel et les milliers de bénévoles qui se sont succédés sur le site pour déblayer, dégager, étayer, consolider, restaurer, ce que les outrages du temps et des hommes avaient peu à peu laissé ensevelir.</p>
<p style="text-align: justify;">Aujourd’hui l’activité continue et année après année, près de 100 jeunes et moins jeunes s’activent sur les chantiers d’été et dans les stages d’initiation à la taille de pierre, à la forge et la maçonnerie traditionnelle pour remettre en état les vestiges d’un passé qui s’étale sur cinq siècles.</p>

<p>C’est une étrange et peu banale aventure que de faire ressurgir dans le <a class="more-link" href="https://chatel-medieval.com/en/laventure/">Lire la suite</a></p>
